{"id":208,"date":"2024-09-26T20:51:27","date_gmt":"2024-09-26T20:51:27","guid":{"rendered":"https:\/\/escolamadison.org\/?page_id=208"},"modified":"2025-10-07T02:52:49","modified_gmt":"2025-10-06T23:52:49","slug":"cursos","status":"publish","type":"page","link":"https:\/\/escolamadison.org\/?page_id=208","title":{"rendered":"Cursos"},"content":{"rendered":"\t\t<div data-elementor-type=\"wp-page\" data-elementor-id=\"208\" class=\"elementor elementor-208\" data-elementor-post-type=\"page\">\n\t\t\t\t<div class=\"elementor-element elementor-element-748a014 e-flex e-con-boxed e-con e-parent\" data-id=\"748a014\" data-element_type=\"container\">\n\t\t\t\t\t<div class=\"e-con-inner\">\n\t\t<div class=\"elementor-element elementor-element-c8408d1 e-con-full e-flex e-con e-child\" data-id=\"c8408d1\" data-element_type=\"container\">\n\t\t\t\t<div class=\"elementor-element elementor-element-9230f6e elementor-text-editor elementor-widget elementor-widget-text-editor\" data-id=\"9230f6e\" data-element_type=\"widget\" data-widget_type=\"text-editor.default\">\n\t\t\t\t<div class=\"elementor-widget-container\">\n\t\t\t\t\t\t\t\t\t<p>Nossos Cursos<\/p>\t\t\t\t\t\t\t\t<\/div>\n\t\t\t\t<\/div>\n\t\t<div class=\"elementor-element elementor-element-d8f059e e-con-full e-transform e-flex e-con e-child\" data-id=\"d8f059e\" data-element_type=\"container\" data-settings=\"{&quot;background_background&quot;:&quot;classic&quot;,&quot;_transform_scale_effect_hover&quot;:{&quot;unit&quot;:&quot;px&quot;,&quot;size&quot;:1.03,&quot;sizes&quot;:[]},&quot;_transform_scale_effect_hover_tablet&quot;:{&quot;unit&quot;:&quot;px&quot;,&quot;size&quot;:&quot;&quot;,&quot;sizes&quot;:[]},&quot;_transform_scale_effect_hover_mobile&quot;:{&quot;unit&quot;:&quot;px&quot;,&quot;size&quot;:&quot;&quot;,&quot;sizes&quot;:[]}}\">\n\t\t<div class=\"elementor-element elementor-element-445136b e-con-full e-flex e-con e-child\" data-id=\"445136b\" data-element_type=\"container\">\n\t\t\t\t<div class=\"elementor-element elementor-element-7cdfd31 e-transform elementor-widget elementor-widget-image\" data-id=\"7cdfd31\" data-element_type=\"widget\" data-settings=\"{&quot;_transform_scale_effect_hover&quot;:{&quot;unit&quot;:&quot;px&quot;,&quot;size&quot;:1.1,&quot;sizes&quot;:[]},&quot;_transform_scale_effect_hover_tablet&quot;:{&quot;unit&quot;:&quot;px&quot;,&quot;size&quot;:&quot;&quot;,&quot;sizes&quot;:[]},&quot;_transform_scale_effect_hover_mobile&quot;:{&quot;unit&quot;:&quot;px&quot;,&quot;size&quot;:&quot;&quot;,&quot;sizes&quot;:[]}}\" data-widget_type=\"image.default\">\n\t\t\t\t<div class=\"elementor-widget-container\">\n\t\t\t\t\t\t\t\t\t\t\t\t\t\t\t\t<a href=\"https:\/\/escolamadison.org\/?page_id=229\">\n\t\t\t\t\t\t\t<img fetchpriority=\"high\" decoding=\"async\" width=\"800\" height=\"450\" src=\"https:\/\/escolamadison.org\/wp-content\/uploads\/2025\/10\/2-1024x576.jpg\" class=\"attachment-large size-large wp-image-3916\" alt=\"\" srcset=\"https:\/\/escolamadison.org\/wp-content\/uploads\/2025\/10\/2-1024x576.jpg 1024w, https:\/\/escolamadison.org\/wp-content\/uploads\/2025\/10\/2-300x169.jpg 300w, https:\/\/escolamadison.org\/wp-content\/uploads\/2025\/10\/2-768x432.jpg 768w, https:\/\/escolamadison.org\/wp-content\/uploads\/2025\/10\/2-600x338.jpg 600w, https:\/\/escolamadison.org\/wp-content\/uploads\/2025\/10\/2.jpg 1280w\" sizes=\"(max-width: 800px) 100vw, 800px\" \/>\t\t\t\t\t\t\t\t<\/a>\n\t\t\t\t\t\t\t\t\t\t\t\t\t\t\t<\/div>\n\t\t\t\t<\/div>\n\t\t\t\t<\/div>\n\t\t<div class=\"elementor-element elementor-element-6def75b e-con-full e-flex e-con e-child\" data-id=\"6def75b\" data-element_type=\"container\">\n\t\t\t\t<div class=\"elementor-element elementor-element-506e2b7 elementor-widget elementor-widget-text-editor\" data-id=\"506e2b7\" data-element_type=\"widget\" data-widget_type=\"text-editor.default\">\n\t\t\t\t<div class=\"elementor-widget-container\">\n\t\t\t\t\t\t\t\t\t<p><strong>Curso Sa\u00fade &amp; Evangelismo<\/strong><\/p>\t\t\t\t\t\t\t\t<\/div>\n\t\t\t\t<\/div>\n\t\t\t\t<div class=\"elementor-element elementor-element-d833986 elementor-widget elementor-widget-heading\" data-id=\"d833986\" data-element_type=\"widget\" data-widget_type=\"heading.default\">\n\t\t\t\t<div class=\"elementor-widget-container\">\n\t\t\t\t\t<h5 class=\"elementor-heading-title elementor-size-default\">Um m\u00eas em meio a natureza, com uma alimenta\u00e7\u00e3o saud\u00e1vel e saborosa, e uma viv\u00eancia crist\u00e3 inspiradora. Descubra o prop\u00f3sito de sua vida, porque voc\u00ea \u00e9 um adventista do S\u00e9timo Dia e aprenda como aliar o evangelismo com a sa\u00fade.<\/h5>\t\t\t\t<\/div>\n\t\t\t\t<\/div>\n\t\t\t\t<div class=\"elementor-element elementor-element-93f40de elementor-align-right e-transform elementor-widget elementor-widget-button\" data-id=\"93f40de\" data-element_type=\"widget\" data-settings=\"{&quot;_transform_scale_effect_hover&quot;:{&quot;unit&quot;:&quot;px&quot;,&quot;size&quot;:1.05,&quot;sizes&quot;:[]},&quot;_transform_scale_effect_hover_tablet&quot;:{&quot;unit&quot;:&quot;px&quot;,&quot;size&quot;:&quot;&quot;,&quot;sizes&quot;:[]},&quot;_transform_scale_effect_hover_mobile&quot;:{&quot;unit&quot;:&quot;px&quot;,&quot;size&quot;:&quot;&quot;,&quot;sizes&quot;:[]}}\" data-widget_type=\"button.default\">\n\t\t\t\t<div class=\"elementor-widget-container\">\n\t\t\t\t\t\t\t\t\t<div class=\"elementor-button-wrapper\">\n\t\t\t\t\t<a class=\"elementor-button elementor-button-link elementor-size-sm\" href=\"https:\/\/escolamadison.org\/?page_id=229\">\n\t\t\t\t\t\t<span class=\"elementor-button-content-wrapper\">\n\t\t\t\t\t\t\t\t\t<span class=\"elementor-button-text\">Inscreva-se!<\/span>\n\t\t\t\t\t<\/span>\n\t\t\t\t\t<\/a>\n\t\t\t\t<\/div>\n\t\t\t\t\t\t\t\t<\/div>\n\t\t\t\t<\/div>\n\t\t\t\t<\/div>\n\t\t\t\t<\/div>\n\t\t<div class=\"elementor-element elementor-element-0a6eb15 e-con-full e-transform e-flex e-con e-child\" data-id=\"0a6eb15\" data-element_type=\"container\" data-settings=\"{&quot;background_background&quot;:&quot;classic&quot;,&quot;_transform_scale_effect_hover&quot;:{&quot;unit&quot;:&quot;px&quot;,&quot;size&quot;:1.03,&quot;sizes&quot;:[]},&quot;_transform_scale_effect_hover_tablet&quot;:{&quot;unit&quot;:&quot;px&quot;,&quot;size&quot;:&quot;&quot;,&quot;sizes&quot;:[]},&quot;_transform_scale_effect_hover_mobile&quot;:{&quot;unit&quot;:&quot;px&quot;,&quot;size&quot;:&quot;&quot;,&quot;sizes&quot;:[]}}\">\n\t\t<div class=\"elementor-element elementor-element-4d6789a e-con-full e-flex e-con e-child\" data-id=\"4d6789a\" data-element_type=\"container\">\n\t\t\t\t<div class=\"elementor-element elementor-element-403d878 e-transform elementor-widget elementor-widget-image\" data-id=\"403d878\" data-element_type=\"widget\" data-settings=\"{&quot;_transform_scale_effect_hover&quot;:{&quot;unit&quot;:&quot;px&quot;,&quot;size&quot;:1.1,&quot;sizes&quot;:[]},&quot;_transform_scale_effect_hover_tablet&quot;:{&quot;unit&quot;:&quot;px&quot;,&quot;size&quot;:&quot;&quot;,&quot;sizes&quot;:[]},&quot;_transform_scale_effect_hover_mobile&quot;:{&quot;unit&quot;:&quot;px&quot;,&quot;size&quot;:&quot;&quot;,&quot;sizes&quot;:[]}}\" data-widget_type=\"image.default\">\n\t\t\t\t<div class=\"elementor-widget-container\">\n\t\t\t\t\t\t\t\t\t\t\t\t\t\t\t\t<a href=\"https:\/\/escolamadison.org\/?page_id=231\">\n\t\t\t\t\t\t\t<img decoding=\"async\" width=\"800\" height=\"400\" src=\"https:\/\/escolamadison.org\/wp-content\/uploads\/2025\/08\/DSC02338-1024x512.jpg\" class=\"attachment-large size-large wp-image-3882\" alt=\"\" srcset=\"https:\/\/escolamadison.org\/wp-content\/uploads\/2025\/08\/DSC02338-1024x512.jpg 1024w, https:\/\/escolamadison.org\/wp-content\/uploads\/2025\/08\/DSC02338-300x150.jpg 300w, https:\/\/escolamadison.org\/wp-content\/uploads\/2025\/08\/DSC02338-768x384.jpg 768w, https:\/\/escolamadison.org\/wp-content\/uploads\/2025\/08\/DSC02338-1536x768.jpg 1536w, https:\/\/escolamadison.org\/wp-content\/uploads\/2025\/08\/DSC02338-2048x1024.jpg 2048w, https:\/\/escolamadison.org\/wp-content\/uploads\/2025\/08\/DSC02338-1320x660.jpg 1320w, https:\/\/escolamadison.org\/wp-content\/uploads\/2025\/08\/DSC02338-600x300.jpg 600w\" sizes=\"(max-width: 800px) 100vw, 800px\" \/>\t\t\t\t\t\t\t\t<\/a>\n\t\t\t\t\t\t\t\t\t\t\t\t\t\t\t<\/div>\n\t\t\t\t<\/div>\n\t\t\t\t<\/div>\n\t\t<div class=\"elementor-element elementor-element-9eeb0ab e-con-full e-flex e-con e-child\" data-id=\"9eeb0ab\" data-element_type=\"container\">\n\t\t\t\t<div class=\"elementor-element elementor-element-773fc47 elementor-widget elementor-widget-text-editor\" data-id=\"773fc47\" data-element_type=\"widget\" data-widget_type=\"text-editor.default\">\n\t\t\t\t<div class=\"elementor-widget-container\">\n\t\t\t\t\t\t\t\t\t<p><strong>Academia de M\u00eddia<\/strong><\/p>\t\t\t\t\t\t\t\t<\/div>\n\t\t\t\t<\/div>\n\t\t\t\t<div class=\"elementor-element elementor-element-2576f28 elementor-widget elementor-widget-heading\" data-id=\"2576f28\" data-element_type=\"widget\" data-widget_type=\"heading.default\">\n\t\t\t\t<div class=\"elementor-widget-container\">\n\t\t\t\t\t<h5 class=\"elementor-heading-title elementor-size-default\">O curso mission\u00e1rio avan\u00e7ado da Escola Madison de um ano.\u200b O pr\u00f3ximo passo para quem quer aprimorar suas habilidades para ser mais \u00fatil na obra de Deus. Aprenda design gr\u00e1fico, produ\u00e7\u00e3o de v\u00eddeos, produ\u00e7\u00e3o musical, cria\u00e7\u00e3o de sites e muito mais...<\/h5>\t\t\t\t<\/div>\n\t\t\t\t<\/div>\n\t\t\t\t<div class=\"elementor-element elementor-element-8491d51 elementor-align-left e-transform elementor-mobile-align-left elementor-widget elementor-widget-button\" data-id=\"8491d51\" data-element_type=\"widget\" data-settings=\"{&quot;_transform_scale_effect_hover&quot;:{&quot;unit&quot;:&quot;px&quot;,&quot;size&quot;:1.05,&quot;sizes&quot;:[]},&quot;_transform_scale_effect_hover_tablet&quot;:{&quot;unit&quot;:&quot;px&quot;,&quot;size&quot;:&quot;&quot;,&quot;sizes&quot;:[]},&quot;_transform_scale_effect_hover_mobile&quot;:{&quot;unit&quot;:&quot;px&quot;,&quot;size&quot;:&quot;&quot;,&quot;sizes&quot;:[]}}\" data-widget_type=\"button.default\">\n\t\t\t\t<div class=\"elementor-widget-container\">\n\t\t\t\t\t\t\t\t\t<div class=\"elementor-button-wrapper\">\n\t\t\t\t\t<a class=\"elementor-button elementor-button-link elementor-size-sm\" href=\"https:\/\/escolamadison.org\/?page_id=231\">\n\t\t\t\t\t\t<span class=\"elementor-button-content-wrapper\">\n\t\t\t\t\t\t\t\t\t<span class=\"elementor-button-text\">Saiba mais!<\/span>\n\t\t\t\t\t<\/span>\n\t\t\t\t\t<\/a>\n\t\t\t\t<\/div>\n\t\t\t\t\t\t\t\t<\/div>\n\t\t\t\t<\/div>\n\t\t\t\t<\/div>\n\t\t\t\t<\/div>\n\t\t\t\t<\/div>\n\t\t\t\t\t<\/div>\n\t\t\t\t<\/div>\n\t\t\t\t<\/div>\n\t\t","protected":false},"excerpt":{"rendered":"<p>Nossos Cursos Curso Sa\u00fade &amp; Evangelismo Um m\u00eas em meio a natureza, com uma alimenta\u00e7\u00e3o saud\u00e1vel e saborosa, e uma viv\u00eancia crist\u00e3 inspiradora. Descubra o prop\u00f3sito de sua vida, porque voc\u00ea \u00e9 um adventista do S\u00e9timo Dia e aprenda como aliar o evangelismo com a sa\u00fade. Inscreva-se! Academia de M\u00eddia O curso mission\u00e1rio avan\u00e7ado da [&hellip;]<\/p>\n","protected":false},"author":1,"featured_media":0,"parent":0,"menu_order":0,"comment_status":"closed","ping_status":"closed","template":"elementor_header_footer","meta":{"footnotes":""},"class_list":["post-208","page","type-page","status-publish","hentry"],"jetpack_sharing_enabled":true,"_links":{"self":[{"href":"https:\/\/escolamadison.org\/index.php?rest_route=\/wp\/v2\/pages\/208","targetHints":{"allow":["GET"]}}],"collection":[{"href":"https:\/\/escolamadison.org\/index.php?rest_route=\/wp\/v2\/pages"}],"about":[{"href":"https:\/\/escolamadison.org\/index.php?rest_route=\/wp\/v2\/types\/page"}],"author":[{"embeddable":true,"href":"https:\/\/escolamadison.org\/index.php?rest_route=\/wp\/v2\/users\/1"}],"replies":[{"embeddable":true,"href":"https:\/\/escolamadison.org\/index.php?rest_route=%2Fwp%2Fv2%2Fcomments&post=208"}],"version-history":[{"count":31,"href":"https:\/\/escolamadison.org\/index.php?rest_route=\/wp\/v2\/pages\/208\/revisions"}],"predecessor-version":[{"id":4117,"href":"https:\/\/escolamadison.org\/index.php?rest_route=\/wp\/v2\/pages\/208\/revisions\/4117"}],"wp:attachment":[{"href":"https:\/\/escolamadison.org\/index.php?rest_route=%2Fwp%2Fv2%2Fmedia&parent=208"}],"curies":[{"name":"wp","href":"https:\/\/api.w.org\/{rel}","templated":true}]}}